*i + 4*v + 78, 2*i - 3*v = 75. Suppose -s + i = s - n, -4*n = -s + 27. What is the remainder when 36 is divided by s?
6
Suppose -1344 = -7*d + 4977. Calculate the remainder when d is divided by 113.
112
Let u = 9 + -5. Let i(t) = -9*t + t**3 + 7*t**2 + 7*t + 2 - u. What is the remainder when 23 is divided by i(-7)?
11
Let q(n) = -n**3 + n**2 + n + 4. Let g be q(0). What is the remainder when 9 is divided by (3 - (-12)/g) + -3?
0
Let u be 0 - -19 - 0/3. Suppose 3*l - 2*l - u = 0. What is the remainder when l is divided by 35/3 + (-6)/9?
8
Let r(f) = 4*f - 56. Let t be r(15). Suppose 5*h - 5*i = h + 61, t*h - 58 = 2*i. Calculate the remainder when h is divided by 3.
2
Let p = 268 - 125. Suppose -11*o = -88 - p. What is the remainder when o is divided by 6?
3
Let y(m) = 2*m**2 + 14*m - 87. Suppose -3*r + 8*r = -o + 37, -3*o = -5*r - 31. What is the remainder when y(-16) is divided by o?
14
Let x = -58 - -156. Calculate the remainder when x is divided by 9.
8
Suppose -5*b = -3*p - 1009, 326 + 72 = 2*b - 4*p. Calculate the remainder when b is divided by 51.
50
Let c = -15 + 13. Let o(p) = -p**3 + 3*p**2 + 3*p. Calculate the remainder when 54 is divided by o(c).
12
Let x(k) = 10*k**2 + 30*k - 162. What is the remainder when x(5) is divided by 24?
22
Suppose -5*k + 3 + 7 = 0. Suppose 5*l + o - 82 = 0, 4*l - 4*o + k*o - 74 = 0. Calculate the remainder when l is divided by 10.
7
Let i = 2 - -5. Suppose 5*m - 18 = 2*b + b, -b + 4*m = -1. Let c(t) = -t - 8. Calculate the remainder when i is divided by c(b).
1
Suppose -4*s - 5*w = -35 - 12, 0 = -3*s + 5*w + 79. What is the remainder when 62 is divided by s?
8
What is the remainder when 251 is divided by (18/7)/(9 + 496/(-56))?
17
Suppose 0 = -5*y - 2*k + 21, y - 2*y - k + 3 = 0. What is the remainder when 37 is divided by (-1 + 0 - -21)*y/10?
7
Suppose -3*w + 4*r = -3 - 17, -3*w = 3*r - 6. Calculate the remainder when (24/(-15))/((-2)/25) is divided by 11 + (0/3 - w).
6
Let k(n) = -n**2 + 6*n + 22. Let a be k(7). Suppose -a*v = -17*v + 52. What is the remainder when 47 is divided by v?
21
Suppose 321*t - 405 = 318*t. What is the remainder when t is divided by 28?
23
Calculate the remainder when -3 + (-9)/(-3) + (-42)/(-7) is divided by 4.
2
Let a = 8 - 16. Let m(l) = -l**3 - 7*l**2 + 7*l + 8. Calculate the remainder when 28 is divided by m(a).
12
Suppose -3*c + 58 = 5*n - 296, c - 98 = 5*n. Calculate the remainder when c is divided by 29.
26
Suppose 15378*j - 15370*j - 96 = 0. Let a(k) be the second derivative of -k**5/20 - k**4/12 + 7*k**2/2 - k. Calculate the remainder when j is divided by a(0).
5
Suppose -5*a - 3*x = -x + 130, -5*x = 3*a + 59. Suppose -3*o + 5*o = 86. Let u = o + a. What is the remainder when 44 is divided by u?
14
Let p be (-48)/36*9/(-2). What is the remainder when 105 is divided by (1 + 172/(-28))/(p/(-42))?
33
Suppose 22*l - 297 = 2013. What is the remainder when l is divided by 52?
1
Let f = 139 + -112. Suppose 0 = -5*w, -6 - 6 = -3*c + 3*w. What is the remainder when 76 + c + 1*-2 is divided by f?
24
Let q(a) = -a**2 - 14*a + 78. Calculate the remainder when 621 is divided by q(-14).
75
Let j(h) = h**2 + 1. Suppose 4*a - 50 = -14. Calculate the remainder when a is divided by j(-2).
4
Let z be ((-2)/3)/((-2)/((-36)/(-2))). Calculate the remainder when 2/z - 354/(-18) is divided by 8.
4
Let y(f) = -2*f**3 - 7*f**2 - 11*f - 4. Calculate the remainder when 11 is divided by y(-2).
5
Suppose 4*t = 3*t + 2, -5*t - 10 = -j. Suppose 4 = 5*q - 6*q, -2 = -2*m + 3*q. What is the remainder when (708/20)/(-3)*m is divided by j?
19
Let g(h) = -78*h - 322. Calculate the remainder when 259 is divided by g(-5).
55
Suppose x = 5*x + 12, k - 177 = 5*x. Calculate the remainder when k is divided by 15.
12
Suppose -108 = -6*h - 12. Calculate the remainder when 88 is divided by h.
8
Suppose 244 = -2*k + 76. Let u = 199 + -116. What is the remainder when u is divided by (4/(64/k))/((-5)/20)?
20
Let g = -548 + 588. What is the remainder when 235 is divided by g?
35
Let p = -26 - -38. Let u(m) = -m - 6. Let v be u(-11). Suppose -42 = v*j - 257. Calculate the remainder when j is divided by p.
7
Let v be (0 - 1) + -3 + (-24)/(-3). Suppose -58 = -2*o + d - 3*d, -v*d = -2*o + 46. Calculate the remainder when o is divided by 8.
3
Suppose 0 = 4*q - 3*z - 13, 4*q - z - 11 = 12. Suppose 78 = 5*y - 3*d, 2*d = -y - 0*d + 26. Calculate the remainder when y is divided by q.
4
Suppose 0 = -2*f + 16 - 0. Suppose 2*t - f = -0*t. What is the remainder when t is divided by 3?
1
Let b be 27/2 + (-1)/(-2). Suppose b*m - 9*m = 135. Calculate the remainder when m is divided by 1/(-4) - (-29)/4.
6
Let y = -4 - -2. What is the remainder when (-624)/(-20) + y/10 is divided by -1 + -2 + 18 + -7?
7
Let u(m) = m + 1. Let f be u(2). Suppose 4*z - 4*k = 52, -f*k = -0*k. What is the remainder when z is divided by 7?
6
Let o = -43 - -115. Calculate the remainder when o is divided by 16.
8
Suppose 2*a = -0*z + z - 52, 0 = 4*z + 2*a - 238. Suppose -g - 2*d + z = 0, 5*g - 3*d = -0*g + 355. Calculate the remainder when g is divided by 36.
32
Suppose 2*c - k = 964, -3*c + 0*c + 3*k = -1452. Suppose -5*o + c = -o. Calculate the remainder when o is divided by 31.
27
Suppose 0 = -f + 2*u + 27, -3*f + 4*u = u - 90. What is the remainder when 58 is divided by f?
25
Let l(r) be the second derivative of r**4/12 - r**3/6 + r**2 + r. Let z be l(0). Calculate the remainder when (-13)/(z/((-6)/3)) is divided by 4.
1
Let n = 31 + 30. Suppose -q + 5*t - n = -4*q, q = -3*t + 27. What is the remainder when 1 is divided by q/8*(-2)/(-3)?
0
Suppose 0 = -8*y - 17*y + 2350. What is the remainder when y is divided by 24?
22
Calculate the remainder when 137 is divided by ((-145)/(-15) + -8)*21.
32
Suppose 2*j = -2*u + 12, 14 = -u + 2*j + 2*j. Let h be -1 + -3 - (16 + u). Let z = h + 33. Calculate the remainder when 29 is divided by z.
7
Let f = -188 + 394. Calculate the remainder when f is divided by 16.
14
Suppose -c + 28 - 9 = 0. Let n = 221 + -147. Calculate the remainder when n is divided by c.
17
Suppose -h - 7 = -2*y, -3*y + 4*h - 3*h + 9 = 0. What is the remainder when (784/32)/(1/y) is divided by 25?
24
Suppose 2*b + 33 = 395. What is the remainder when b is divided by 62?
57
Suppose 3*a = -4*b + 141, -5*a + 207 + 33 = 5*b. Let d(z) = -2*z**3 + 88*z**2 + 89*z + 59. Calculate the remainder when a is divided by d(45).
9
Let f be ((-67)/2)/(4/8). Let g = -3 - f. What is the remainder when g is divided by 13?
12
Suppose 0*h + 4*z - 33 = -h, -4*h - 2*z + 76 = 0. What is the remainder when h is divided by 6?
5
Calculate the remainder when 2/3 - 848/(-24) is divided by 9.
0
What is the remainder when (-3)/8*-2*(163 + -15) is divided by 98?
13
Suppose -2849*c + 2865*c - 2096 = 0. What is the remainder when c is divided by -6*(1 - 50/6)?
43
Suppose 2*m + w - 85 = -28, -2*m + 3*w = -61. Suppose 0*s - 173 = -s. Calculate the remainder when s is divided by m.
28
Let l(o) = 3*o**3 + 79*o**2 - 57*o - 31. What is the remainder when 59 is divided by l(-27)?
9
Let c = -14 + 17. Let w be (-9)/c*(-740)/6. Suppose -5*y - w = -10*y. What is the remainder when y is divided by 19?
17
Let q be (-50)/(-30) + (-2)/(-6). Suppose q*y - 216 = -y. Calculate the remainder when (y/28)/((-9)/(-84)) is divided by 14.
10
Let f(d) = d**3 + 9*d**2 - 33*d. What is the remainder when f(4) is divided by 66?
10
Calculate the remainder when 88 is divided by 18/(-45)*-38 - 2/10.
13
Suppose -6*c + c = -155. Let h be (-3*2)/(15 + -18). Suppose h*l - 28 = -4*t, l - 2*t - 66 = -3*l. Calculate the remainder when c is divided by l.
15
Let l(c) = 4*c + 14. Let r be l(13). Suppose 3*i + 9 - r = -3*q, -101 = -4*i + q. Let v = 43 - i. What is the remainder when 36 is divided by v?
17
Let v(u) = -8*u**3 - 2*u**2 - 8*u + 3. What is the remainder when 146 is divided by v(-2)?
71
Let f(l) = 56*l + 8. Let s be f(1). Suppose -s = 3*d - 11*d. Calculate the remainder when 70 is divided by d.
6
Let y = -54 - -30. Let p = y + 34. Calculate the remainder when 38 is divided by p.
8
Let t(j) = -11*j - 88. Calculate the remainder when t(-14) is divided by 4.
2
Calculate the remainder when 57 is divided by (-2940)/(-228) + 0 - (-2)/19.
5
Let p be ((-44)/8)/(-1)*2. Let h = p - -2. What is the remainder when 24 is div